{"id":16952,"date":"2023-07-11T09:06:00","date_gmt":"2023-07-11T07:06:00","guid":{"rendered":"https:\/\/polaris.aretis-staging.ch\/fit-fuer-die-lehre\/anmeldung-20-09-23-copy\/"},"modified":"2023-07-12T12:36:38","modified_gmt":"2023-07-12T10:36:38","slug":"inscription-20-09-4","status":"publish","type":"page","link":"https:\/\/polaris-stiftung.ch\/fr\/en-forme-pour-lapprentissage\/inscription-20-09-4\/","title":{"rendered":"Inscription 27.09.2023"},"content":{"rendered":"<div id='av_section_1'  class='avia-section av-30xqkc4-10757b0df6e7b34c64835237550e087b main_color avia-section-huge avia-shadow  avia-builder-el-0  avia-builder-el-no-sibling  avia-bg-style-scroll container_wrap fullsize'  ><div class='container av-section-cont-open' ><main  class='template-page content  av-content-full alpha units'><div class='post-entry post-entry-type-page post-entry-16952'><div class='entry-content-wrapper clearfix'>\n\n<style type=\"text\/css\" data-created_by=\"avia_inline_auto\" id=\"style-css-av-l1ordv5h-71f1257fbb22343b6a27b1b410ccece1\">\n#top .av-special-heading.av-l1ordv5h-71f1257fbb22343b6a27b1b410ccece1{\npadding-bottom:30px;\n}\nbody .av-special-heading.av-l1ordv5h-71f1257fbb22343b6a27b1b410ccece1 .av-special-heading-tag .heading-char{\nfont-size:25px;\n}\n.av-special-heading.av-l1ordv5h-71f1257fbb22343b6a27b1b410ccece1 .av-subheading{\nfont-size:30px;\n}\n<\/style>\n<div  class='av-special-heading av-l1ordv5h-71f1257fbb22343b6a27b1b410ccece1 av-special-heading-h1 blockquote modern-quote modern-centered  avia-builder-el-1  el_before_av_hr  avia-builder-el-first  av-linked-heading'><h1 class='av-special-heading-tag'  >\"En forme pour l'apprentissage\" - les choses \u00e0 faire et \u00e0 ne pas faire sur le chemin de la place d'apprentissage !<\/h1><div class='av-subheading av-subheading_below'><p>Tu recevras de pr\u00e9cieux conseils le 27 septembre 2023 \u00e0 Muttenz<\/p>\n<\/div><div class=\"special-heading-border\"><div class=\"special-heading-inner-border\"><\/div><\/div><\/div>\n\n<style type=\"text\/css\" data-created_by=\"avia_inline_auto\" id=\"style-css-av-wmo4xo-a2aaabbab34891c5d61b2da283a966c1\">\n#top .hr.av-wmo4xo-a2aaabbab34891c5d61b2da283a966c1{\nmargin-top:5px;\nmargin-bottom:50px;\n}\n.hr.av-wmo4xo-a2aaabbab34891c5d61b2da283a966c1 .hr-inner{\nwidth:150px;\nborder-color:#0088bc;\n}\n<\/style>\n<div  class='hr av-wmo4xo-a2aaabbab34891c5d61b2da283a966c1 hr-custom  avia-builder-el-2  el_after_av_heading  el_before_av_heading  trennlinie_punkt hr-center hr-icon-no'><span class='hr-inner inner-border-av-border-fat'><span class=\"hr-inner-style\"><\/span><\/span><\/div>\n\n<style type=\"text\/css\" data-created_by=\"avia_inline_auto\" id=\"style-css-av-jpggq9-3d0ef9bf55153ccf2d05191f626add7f\">\n#top .av-special-heading.av-jpggq9-3d0ef9bf55153ccf2d05191f626add7f{\npadding-bottom:10px;\n}\nbody .av-special-heading.av-jpggq9-3d0ef9bf55153ccf2d05191f626add7f .av-special-heading-tag .heading-char{\nfont-size:25px;\n}\n.av-special-heading.av-jpggq9-3d0ef9bf55153ccf2d05191f626add7f .av-subheading{\nfont-size:15px;\n}\n<\/style>\n<div  class='av-special-heading av-jpggq9-3d0ef9bf55153ccf2d05191f626add7f av-special-heading-h3 blockquote modern-quote modern-centered  avia-builder-el-3  el_after_av_hr  el_before_av_textblock'><h3 class='av-special-heading-tag'  >Inscription (possible jusqu'au 30.08.23)<\/h3><div class=\"special-heading-border\"><div class=\"special-heading-inner-border\"><\/div><\/div><\/div>\n<section  class='av_textblock_section av-l0cod3xn-1-9a795a56640238161fa55dfbbb8f7286'  ><div class='avia_textblock' ><p><span style=\"font-size: 14pt;\"><strong>Inscriptions en classe:<\/strong><\/span><br \/>\n<span style=\"font-size: 14pt;\"> Les enseignants qui souhaitent participer avec toute leur classe sont pri\u00e9s de s'inscrire par e-mail \u00e0 l'adresse suivante <a href=\"mailto:info@polaris-stiftung.ch\">info@polaris-stiftung.ch<\/a>. Veuillez imp\u00e9rativement joindre une liste de noms (titre, nom, pr\u00e9nom des \u00e9l\u00e8ves). Merci.<\/span><\/p>\n<\/div><\/section>\n\n<style type=\"text\/css\" data-created_by=\"avia_inline_auto\" id=\"style-css-av-pt9q2g-aef785336fd25f60cdf0eaa9f3405bd0\">\n#top .hr.av-pt9q2g-aef785336fd25f60cdf0eaa9f3405bd0{\nmargin-top:5px;\nmargin-bottom:50px;\n}\n.hr.av-pt9q2g-aef785336fd25f60cdf0eaa9f3405bd0 .hr-inner{\nwidth:150px;\nborder-color:#0088bc;\n}\n<\/style>\n<div  class='hr av-pt9q2g-aef785336fd25f60cdf0eaa9f3405bd0 hr-custom  avia-builder-el-5  el_after_av_textblock  el_before_av_codeblock  trennlinie_punkt hr-center hr-icon-no'><span class='hr-inner inner-border-av-border-fat'><span class=\"hr-inner-style\"><\/span><\/span><\/div>\n\n<section  class='av_textblock_section av-av_textblock-92ab5b4c5448b40ef3b82fb3d397e98e'  ><div class='avia_textblock' ><h6><span style=\"font-size: 10px;\">L'inscription donne \u00e0 l'organisateur l'autorisation de prendre des photos et des films pendant la manifestation et d'utiliser ces prises de vue en rapport avec la manifestation pour les relations publiques et la documentation, sous forme analogique et num\u00e9rique.<br \/>\n<\/span><span style=\"font-size: 10px;\">En outre, nous vous informons que les donn\u00e9es demand\u00e9es lors de l'inscription seront utilis\u00e9es exclusivement pour l'organisation et la r\u00e9alisation de l'\u00e9v\u00e9nement annonc\u00e9. Elles ne seront pas transmises \u00e0 des tiers.<br \/>\n<\/span><\/h6>\n<\/div><\/section>","protected":false},"excerpt":{"rendered":"","protected":false},"author":8,"featured_media":0,"parent":15371,"menu_order":4,"comment_status":"closed","ping_status":"closed","template":"","meta":{"_seopress_robots_primary_cat":"","_seopress_titles_title":"","_seopress_titles_desc":"","_seopress_robots_index":"","footnotes":""},"folder":[],"class_list":["post-16952","page","type-page","status-publish","hentry"],"_links":{"self":[{"href":"https:\/\/polaris-stiftung.ch\/fr\/wp-json\/wp\/v2\/pages\/16952","targetHints":{"allow":["GET"]}}],"collection":[{"href":"https:\/\/polaris-stiftung.ch\/fr\/wp-json\/wp\/v2\/pages"}],"about":[{"href":"https:\/\/polaris-stiftung.ch\/fr\/wp-json\/wp\/v2\/types\/page"}],"author":[{"embeddable":true,"href":"https:\/\/polaris-stiftung.ch\/fr\/wp-json\/wp\/v2\/users\/8"}],"replies":[{"embeddable":true,"href":"https:\/\/polaris-stiftung.ch\/fr\/wp-json\/wp\/v2\/comments?post=16952"}],"version-history":[{"count":5,"href":"https:\/\/polaris-stiftung.ch\/fr\/wp-json\/wp\/v2\/pages\/16952\/revisions"}],"predecessor-version":[{"id":17047,"href":"https:\/\/polaris-stiftung.ch\/fr\/wp-json\/wp\/v2\/pages\/16952\/revisions\/17047"}],"up":[{"embeddable":true,"href":"https:\/\/polaris-stiftung.ch\/fr\/wp-json\/wp\/v2\/pages\/15371"}],"wp:attachment":[{"href":"https:\/\/polaris-stiftung.ch\/fr\/wp-json\/wp\/v2\/media?parent=16952"}],"wp:term":[{"taxonomy":"folder","embeddable":true,"href":"https:\/\/polaris-stiftung.ch\/fr\/wp-json\/wp\/v2\/folder?post=16952"}],"curies":[{"name":"wp","href":"https:\/\/api.w.org\/{rel}","templated":true}]}}

<div id='av_section_1'  class='avia-section av-30xqkc4-10757b0df6e7b34c64835237550e087b main_color avia-section-huge avia-shadow  avia-builder-el-0  avia-builder-el-no-sibling  avia-bg-style-scroll container_wrap fullsize'  ><div class='container av-section-cont-open' ><main  class='template-page content  av-content-full alpha units'><div class='post-entry post-entry-type-page post-entry-16952'><div class='entry-content-wrapper clearfix'>

<style type="text/css" data-created_by="avia_inline_auto" id="style-css-av-l1ordv5h-71f1257fbb22343b6a27b1b410ccece1">
#top .av-special-heading.av-l1ordv5h-71f1257fbb22343b6a27b1b410ccece1{
padding-bottom:30px;
}
body .av-special-heading.av-l1ordv5h-71f1257fbb22343b6a27b1b410ccece1 .av-special-heading-tag .heading-char{
font-size:25px;
}
.av-special-heading.av-l1ordv5h-71f1257fbb22343b6a27b1b410ccece1 .av-subheading{
font-size:30px;
}
</style>
<div  class='av-special-heading av-l1ordv5h-71f1257fbb22343b6a27b1b410ccece1 av-special-heading-h1 blockquote modern-quote modern-centered  avia-builder-el-1  el_before_av_hr  avia-builder-el-first  av-linked-heading'><h1 class='av-special-heading-tag'  >"En forme pour l'apprentissage" - les choses à faire et à ne pas faire sur le chemin de la place d'apprentissage !</h1><div class='av-subheading av-subheading_below'><p>Tu recevras de précieux conseils le 27 septembre 2023 à Muttenz</p>
</div><div class="special-heading-border"><div class="special-heading-inner-border"></div></div></div>

<style type="text/css" data-created_by="avia_inline_auto" id="style-css-av-wmo4xo-a2aaabbab34891c5d61b2da283a966c1">
#top .hr.av-wmo4xo-a2aaabbab34891c5d61b2da283a966c1{
margin-top:5px;
margin-bottom:50px;
}
.hr.av-wmo4xo-a2aaabbab34891c5d61b2da283a966c1 .hr-inner{
width:150px;
border-color:#0088bc;
}
</style>
<div  class='hr av-wmo4xo-a2aaabbab34891c5d61b2da283a966c1 hr-custom  avia-builder-el-2  el_after_av_heading  el_before_av_heading  trennlinie_punkt hr-center hr-icon-no'><span class='hr-inner inner-border-av-border-fat'><span class="hr-inner-style"></span></span></div>

<style type="text/css" data-created_by="avia_inline_auto" id="style-css-av-jpggq9-3d0ef9bf55153ccf2d05191f626add7f">
#top .av-special-heading.av-jpggq9-3d0ef9bf55153ccf2d05191f626add7f{
padding-bottom:10px;
}
body .av-special-heading.av-jpggq9-3d0ef9bf55153ccf2d05191f626add7f .av-special-heading-tag .heading-char{
font-size:25px;
}
.av-special-heading.av-jpggq9-3d0ef9bf55153ccf2d05191f626add7f .av-subheading{
font-size:15px;
}
</style>
<div  class='av-special-heading av-jpggq9-3d0ef9bf55153ccf2d05191f626add7f av-special-heading-h3 blockquote modern-quote modern-centered  avia-builder-el-3  el_after_av_hr  el_before_av_textblock'><h3 class='av-special-heading-tag'  >Inscription (possible jusqu'au 30.08.23)</h3><div class="special-heading-border"><div class="special-heading-inner-border"></div></div></div>
<section  class='av_textblock_section av-l0cod3xn-1-9a795a56640238161fa55dfbbb8f7286'  ><div class='avia_textblock' ><p><span style="font-size: 14pt;"><strong>Inscriptions en classe:</strong></span><br />
<span style="font-size: 14pt;"> Les enseignants qui souhaitent participer avec toute leur classe sont priés de s'inscrire par e-mail à l'adresse suivante <a href="mailto:info@polaris-stiftung.ch">info@polaris-stiftung.ch</a>. Veuillez impérativement joindre une liste de noms (titre, nom, prénom des élèves). Merci.</span></p>
</div></section>

<style type="text/css" data-created_by="avia_inline_auto" id="style-css-av-pt9q2g-aef785336fd25f60cdf0eaa9f3405bd0">
#top .hr.av-pt9q2g-aef785336fd25f60cdf0eaa9f3405bd0{
margin-top:5px;
margin-bottom:50px;
}
.hr.av-pt9q2g-aef785336fd25f60cdf0eaa9f3405bd0 .hr-inner{
width:150px;
border-color:#0088bc;
}
</style>
<div  class='hr av-pt9q2g-aef785336fd25f60cdf0eaa9f3405bd0 hr-custom  avia-builder-el-5  el_after_av_textblock  el_before_av_codeblock  trennlinie_punkt hr-center hr-icon-no'><span class='hr-inner inner-border-av-border-fat'><span class="hr-inner-style"></span></span></div>

<section  class='av_textblock_section av-av_textblock-92ab5b4c5448b40ef3b82fb3d397e98e'  ><div class='avia_textblock' ><h6><span style="font-size: 10px;">L'inscription donne à l'organisateur l'autorisation de prendre des photos et des films pendant la manifestation et d'utiliser ces prises de vue en rapport avec la manifestation pour les relations publiques et la documentation, sous forme analogique et numérique.<br />
</span><span style="font-size: 10px;">En outre, nous vous informons que les données demandées lors de l'inscription seront utilisées exclusivement pour l'organisation et la réalisation de l'événement annoncé. Elles ne seront pas transmises à des tiers.<br />
</span></h6>
</div></section>
